 102 is divided by m?
44
Suppose 240*g = -241*g - 67*g + 48224. Calculate the remainder when g is divided by 86/10 - (-2)/5.
7
What is the remainder when 6*(-6)/(-72)*-1 + (-2031)/(-2) is divided by 32?
23
Let u be (7 - 1760/(-5)) + -7. Suppose f + 10*f = u. What is the remainder when 120 is divided by f?
24
Let f = 814 + -745. Let g(m) = 4*m**2 - m - 3. Calculate the remainder when f is divided by g(-3).
33
Let d(g) = g + 23. Calculate the remainder when (420/45 - 11)/(3/(-189)) is divided by d(0).
13
Let k = -4134 + 4154. What is the remainder when 797 is divided by k?
17
Suppose 12*n + 10*n - 881 = 505. What is the remainder when 227 is divided by n?
38
Let u(g) = 32*g**3 - 2*g**2 + 2*g. Let x be u(1). Let c(f) = 14*f**2 - 5*f + 2*f**3 - x*f**2 - 11 + 14*f**2. Calculate the remainder when c(5) is divided by 30.
24
Suppose 3*m - 11 + 5 = 0. Suppose 4*i + o - 1 = 0, -m*o - 1 + 7 = 4*i. Calculate the remainder when (-292)/(-6) + i/(-3) is divided by 13.
10
Let u(x) = 72*x**2 - 2*x + 1. Let n(r) = 143*r**2 - 5*r + 3. Let t(s) = -2*n(s) + 5*u(s). What is the remainder when t(-1) is divided by (-56)/(-3) - 2/(-6)?
16
Suppose -5*f + 2*z + 397 = 0, -65 = 33*f - 34*f + 4*z. What is the remainder when 332 is divided by f?
8
Let w = 12958 + -12191. What is the remainder when w is divided by 56?
39
Let x(t) = 8*t - 7. Suppose -4*s - 5*c + 708 = 124, -15*s - 5*c = -2300. What is the remainder when s is divided by x(6)?
33
Suppose -946 = -7*v + 5*i, -v + 4*v = 5*i + 394. What is the remainder when v is divided by 8?
2
Suppose 0 = 1012*f - 1007*f + 3840. Let o = -681 - f. Calculate the remainder when o is divided by 22.
21
Suppose -s - 4*i = -3*s - 84, -3*i - 113 = 4*s. Let z be (24/(-16))/(6/s). What is the remainder when -4*27*(-2)/z is divided by 6?
3
Let c = 162 - 183. Let h(v) = -19*v - 94. Calculate the remainder when h(c) is divided by 26.
19
Let r(g) = -g**3 + g**2 + g. Let f be r(2). Let c be (-1)/(-5) + 30/(-25). Calculate the remainder when 82 is divided by (-14)/(f - c) + -1 + 1.
12
Let u(q) = 12*q**2 - 9*q**3 - 21*q - 22 - 17*q**3 - 12*q**3 + 37*q**3. What is the remainder when u(7) is divided by 21?
13
Let k = 621 - 368. Let v = -226 + k. Calculate the remainder when 45 is divided by v.
18
Suppose -309*c = 529*c - 277378. Calculate the remainder when 1009 is divided by c.
16
Let a = 1108 - 913. What is the remainder when 207 is divided by a?
12
Let q be 9 - (3 - (-5 - -3)). Let o be q*38/5 - 34/85. Suppose o = 10*u - 0. What is the remainder when 12 is divided by u?
0
Suppose 4*s + 85*s - 10591 = 0. Calculate the remainder when 251 is divided by s.
13
Suppose -1402*a = -1399*a - 270. Calculate the remainder when a is divided by 2933/35 - ((-12)/10 + 1).
6
Let z be (-20)/((16/20)/2). Let h = 223 - 216. What is the remainder when -1 + 2 - z/5 is divided by h?
4
Suppose 0 = 2*k - 4*k. Suppose -2*u - 70 = -4*z, k = -0*u - u + z - 39. Let b = u - -56. Calculate the remainder when b is divided by 8.
5
Let v(x) = 24*x - 340. Let g be v(53). Suppose -g = -3*q + 5*j, j + 1 = -0. What is the remainder when q is divided by 79?
72
Suppose f = -a + 17, a = 5*f + 25 - 2. Let m be 5*(-4)/(-90) - (-356)/a. What is the remainder when 26 is divided by (3 + -28)*(-12)/m?
11
Let v be (7 - (5 + 184))/(-2). Suppose -62 = -3*b + v. What is the remainder when b is divided by 29?
22
Suppose 5*h - 4*h + q - 184 = 0, 0 = 3*h + 2*q - 552. Suppose 30*s + h = 34*s. What is the remainder when 1/(-3) - (-268)/3 is divided by s?
43
Let c(v) = -v**2 - 41*v - 78. Let y be c(-29). Suppose -i + 4*z + y = 0, 0 = 5*i - 3*i + 3*z - 584. What is the remainder when i is divided by 41?
40
Let p = 6 + 15. Suppose 2*y + 5*a = -1094, 9*y + 3*a + 2202 = 5*y. Let c = 558 + y. What is the remainder when p is divided by c?
3
Let b(q) = q**3 + 24*q**2 + 18*q + 26. What is the remainder when b(16) is divided by 17?
14
Let i = 55 + -35. Suppose 4*b - 2*r - 86 = 134, 172 = 3*b + 2*r. Suppose 0 = -4*y + b + 420. Calculate the remainder when y is divided by i.
19
What is the remainder when (-11 - -225)/(2/11) is divided by 59?
56
Let x be -5 - -3 - (0 - (1 - -3)). Let h(g) = -74*g**2 - 5*g - 3. Let p be h(x). Let l = p + 443. What is the remainder when l is divided by 15?
14
Suppose 8 = 2*a - 56. Let r = -9 - -2. Let z(g) = g**2 + 9*g + 19. What is the remainder when a is divided by z(r)?
2
Suppose -4*a = b - 0*b, 20 = 4*a - 4*b. Suppose -7 = 4*p + 3*g, 3*g + 0 = 4*p + a. What is the remainder when 94 is divided by (-11)/(-22)*(39 + p)?
18
Let x(s) = -s**3 + 26*s**2 - 168*s + 311. Calculate the remainder when x(16) is divided by 116.
67
Suppose 25*a = 137 + 238. What is the remainder when 6509 is divided by a?
14
Suppose -3*b + 587 = -2*b + 3*s, -s - 563 = -b. Calculate the remainder when b is divided by 153.
110
Suppose 63*f - 96*f + 443004 = 168*f. Calculate the remainder when f is divided by 34.
28
Let z(w) = w + 6. Let n(u) = -u**3 - 5*u**2 + 3*u + 11. Let t be n(-5). Let i = -212 + 215. Calculate the remainder when i is divided by z(t).
1
Let p = -19756 + 20767. What is the remainder when p is divided by 157?
69
Suppose -f + 2*f = -3*y + 30, 9*f = 4*y + 22. What is the remainder when 928 is divided by y?
0
Calculate the remainder when -3 + (6 - (-16 + 2))/(6/1668) is divided by 67.
63
Let l = -73 - -52. Let u(k) = k + 5. Let p(n) = 1. Let m(t) = l*p(t) + 3*u(t). Calculate the remainder when 144 is divided by m(9).
18
Let u(a) = -2*a + 1. Let p be u(-2). Suppose -g = 8*s - 3*s - 67, 16 = 2*s - p*g. What is the remainder when s is divided by 4 - (2/35 - (-7953)/8435)?
1
Let n(p) = -p**2 + 10*p + 1. Let a be n(8). Suppose a*x = -12*x + 1334. Calculate the remainder when 131 is divided by x.
39
Let b = 63 + -25. Suppose -62 = -2*o + 135*l - 136*l, 5*l + 26 = 2*o. Calculate the remainder when b is divided by o.
10
Suppose -55 = -3*b + 2*b. What is the remainder when 271/3*(-7)/(56/(-24)) is divided by b?
51
Let t(j) = -5*j**2 + 47*j - 43. Let m be t(18). Let w = 867 + m. Suppose 7 = 5*u - 58. What is the remainder when w is divided by u?
11
Suppose 7*v - 505 + 99 = 0. Let t = -423 - -443. Calculate the remainder when v is divided by t.
18
Let o = 5611 + -1577. What is the remainder when o is divided by 40?
34
Let h(r) = r**3 + 167*r - 3*r**3 + r**3 - 156*r - 32 - 14*r**2. What is the remainder when 111 is divided by h(-15)?
27
Suppose 5*l - 68 = -i, -8*i + 3*i + 32 = 3*l. Let c(n) = 2*n - 15. What is the remainder when 262/l - 12/(-42) is divided by c(11)?
5
Let v = -911 - -926. What is the remainder when 6509 is divided by v?
14
Calculate the remainder when 148564/5 + -29 + 4526/155 is divided by 15.
13
Let o be -102*(-1)/(-5) - 3/5. Let p be 122/14 + (-6)/o. What is the remainder when ((-6)/p)/(3 - 416/138) is divided by 24?
22
Suppose -37*g = 11*g - 92640. Calculate the remainder when g is divided by 129.
124
Suppose 0 = -5*y + 5*n + 95, -4*n = 4*y - 5*y + 16. What is the remainder when 2257 is divided by y?
17
Let b = 2961 + -12. Calculate the remainder when b is divided by 12.
9
Suppose -25*d = -103 - 147. What is the remainder when (445/d)/(5/10) is divided by 41?
7
Suppose 5*y = 3*b - 15*b + 221, -b = 3*y - 21. Calculate the remainder when 239 is divided by b.
5
Suppose 42*g = -75*g + 31*g + 204164. Calculate the remainder when g is divided by 31.
18
Let y(k) = 4*k**2 - 4*k - 7. Let b = 132 - 55. What is the remainder when b is divided by y(4)?
36
Let p be (10 + -20)*(-1)/((-10)/(-4)). Suppose 0 = -4*a - p*k + 260, -k = 7*a - 4*a - 189. Calculate the remainder when a is divided by 23.
16
Let i = 3 - -62. Let b = i - -342. Calculate the remainder when b is divided by 82.
79
Let h(a) = -2492*a + 2462*a + 35 + 0*a**2 - a**2 + 10. What is the remainder when 111 is divided by h(-31)?
13
Suppose 649198*g = 649182*g + 3936. What is the remainder when g is divided by 118?
10
Let g(d) = d**3 + 5*d**2 - d - 8. Let o(u) = u**2 - 19*u - 43. Calculate the remainder when o(23) is divided by g(2).
13
Let h(n) = -4*n**2 + 65*n - 35. Let a be h(15). Let i(m) = 10*m - 390. What is the remainder when 64 is divided by i(a)?
4
Let l = -14173 - -15201. Calculate the remainder when l is divided by 27.
2
Suppose 2*i - 3*n = 6992, 3*n + 1490 - 1502 = 0. Calculate the remainder when i is divided by 1167.
1
Let